-4*y = 2*t + 2*t - 24. Suppose 0*i - t = 2*i. Let w(q) = i*v(q) - 3*k(q). Give w(0).
-5
Let b(x) = x + 1. Let j(h) = -h**2 + h. Let r(v) = -2*b(v) + j(v). Determine r(-2).
-4
Let l(z) = -75*z - 23. Let h(g) = -206*g - 69. Let c(x) = 4*h(x) - 11*l(x). Determine c(16).
-7
Suppose 0 = -5*l - 2*p + 11, 11*l - 9*l - 5 = -p. Let n(v) = -v**2 + 2*v - 1. What is n(l)?
0
Let j(a) = -170 + 2*a - 13*a - 178 + 350. What is j(2)?
-20
Let h(o) = -o**2 + 9*o - 4. Let t(q) = -q + 28. Let r be t(23). Give h(r).
16
Let q(v) = v**3 + 6*v**2 - 4*v - 6. Let n = 962 + -968. Calculate q(n).
18
Let r(q) = -q**3 + 11*q**2 + q - 5. Let p(c) = c**2 - 29*c + 149. Let w be p(23). Give r(w).
6
Let l(h) be the second derivative of 0*h**4 - 1/10*h**5 - 36*h + 0*h**2 + 0 - 1/6*h**3. Calculate l(1).
-3
Let p(n) = -234*n + 116*n + 119*n + 24. What is p(-13)?
11
Let o(b) be the first derivative of -b**3/3 + 11*b**2 + 14*b + 7. Let a be o(23). Let s(k) = k**2 + 8*k - 9. Calculate s(a).
0
Let l(b) = b**3 - 3*b**2 - 2*b - 1. Let v = 248 + -245. Calculate l(v).
-7
Let l(z) be the third derivative of z**5/30 + z**4/3 - z**3/6 + 6*z**2 + 21. Determine l(-6).
23
Let o(y) = -4*y**3 - 3*y**2 + 2. Let p be (2/36*6)/((-1)/6). Give o(p).
22
Let p be ((-2)/4)/((-2)/12). Let a(b) = -2 - p*b**2 - 4*b + 0*b + 0*b**2. Let u = 89 - 91. What is a(u)?
-6
Let n(q) = -1. Let c(w) = -w + 1. Suppose -23 = -6*p - 17. Let t(i) = p*c(i) + 5*n(i). Calculate t(5).
-9
Let z(i) = -6*i + 62. Let v be z(10). Let t(d) be the second derivative of -1/6*d**3 + 0 + 3*d - d**v. What is t(-6)?
4
Let u(l) be the second derivative of l**5/20 + l**4/3 - 5*l**3/2 - 3*l**2 + 818*l. Calculate u(-6).
12
Let v(l) = -l**2 + 5*l + 1. Let i be (11*(2 - 1))/(-1). Let c(u) = -2*u**2 - 6*u - 6. Let b be c(-3). Let t = b - i. Give v(t).
1
Let j(r) = 3*r - 5. Let l(y) = -y. Let i(x) = -j(x) - 2*l(x). Let m = 10 - 3. Give i(m).
-2
Let q(n) = -n**2 + n + 36. Let h be q(0). Let d(c) = -c - 18 - 17 + h. Determine d(3).
-2
Let y(q) = 18*q + 1 + q - 7*q. Let l(m) = -10*m - 1. Let n(c) = -3*l(c) - 2*y(c). Calculate n(-2).
-11
Let p(y) = -y**2 + 11*y - 13. Let h(d) = 7*d - 81. Let a be h(13). Calculate p(a).
-3
Let y(l) = -l**3 + 2*l**2 + 3*l + 2. Let w be y(3). Let d be ((-2 + w)/(-2))/(-7 + 8). Let r(j) = j - 1. Determine r(d).
-1
Suppose 0 = 4*m + 4*l - 32, 22*m - 23*m = -3*l + 4. Let f(g) = -g**3 + 3*g**2 + 7*g + 7. Determine f(m).
-8
Suppose -q - 5*p = -4, -4*q - 250*p = -248*p - 16. Let w be ((-3)/(-2))/((-6)/(-8)). Let f(s) = 1 + s - s**3 + 3*s**w - 5 + 3*s. What is f(q)?
-4
Let d = 24 - 20. Let m(q) = -d + 4*q + 2 - 86*q**2 + 2*q**3 + 88*q**2 + 4. Give m(-2).
-14
Let v(f) = 5*f - 3. Let k(i) = 24*i - 15. Let h(p) = -4*k(p) + 21*v(p). Let d(s) = 13*s - 4. Suppose -6*w = -4 + 34. Let x(n) = w*d(n) + 7*h(n). Give x(-1).
1
Let z(f) be the first derivative of -17*f**2 + f - 399. Give z(-2).
69
Suppose -l = x + 54 - 44, -2*l + 4*x + 10 = 0. Let f(i) = -i**3 - 5*i**2 + 5*i - 1. Give f(l).
-26
Let c = -211 + 137. Let v = 73 + c. Let r(z) = 1 - 6*z**2 + 2*z**2 + 14*z**2. Give r(v).
11
Let i(g) = g**2 - 5. Let o be (-96)/(-28) + 12/21. Let z = -6 - -2. Let a = o + z. What is i(a)?
-5
Suppose -175 = -3*g - 5*a, 5*g - 4*a - 305 = a. Suppose -2*c + 54 - g = 0. Let m(v) = v + 2. Calculate m(c).
-1
Let d(k) be the second derivative of -k**5/20 - k**4/3 + k**3 - 3*k**2/2 + 38*k + 1. Calculate d(-5).
-8
Let q(n) be the second derivative of 3*n - 1/6*n**3 + 0 - 3/2*n**2. Suppose 2*u - 3*a - 2 - 1 = 0, -33 = 3*u + 3*a. What is q(u)?
3
Suppose 28*f = 16*f + 24. Let z be (0 + f)/((2 + 2)/(-8)). Let y(d) = 4*d + 6. Give y(z).
-10
Suppose -5*r + 0*k = 4*k + 170, 4*r + 2*k = -136. Let i = r + 35. Let s(a) = 3*a**2 + a - 1. Determine s(i).
3
Let l(a) = 2*a**2 - 15*a + 2. Suppose 0 = -r - 5*s + 22, -2*r = -s - 11 - 0. Let j be l(r). Let q(u) = 4*u - 1. What is q(j)?
-21
Suppose 0 = 7*n - 0*n + 21. Let f be ((-1)/n)/(12/144). Let z(j) = -j + 2. Calculate z(f).
-2
Let b(u) = -12*u + 12. Let v(s) = -65*s + 61. Let w(c) = -11*b(c) + 2*v(c). Let p(h) = 6*h**2 + 1. Let a be p(-1). Determine w(a).
4
Let p(c) be the second derivative of -c**5/20 + c**2/2 - c. Let z(m) = -9*m**2 + 7*m + 0*m**3 - 3*m**3 + 5 + 4 + 4*m**3. Let b be z(8). What is p(b)?
0
Suppose k + 9 = -j, j = -5*k - 34 + 5. Let o(x) = 99*x + 1 - 95*x - 1. What is o(j)?
-16
Let r(g) = g - 5. Suppose 110 + 82 = 6*m. Let o = -37 + m. What is r(o)?
-10
Let g(r) be the second derivative of r**8/6720 - r**7/2520 + r**5/120 + 7*r**4/6 + 8*r. Let q(w) be the third derivative of g(w). Let v = -1 + 1. Give q(v).
1
Let x(o) be the second derivative of -o**4/12 + o**3/2 + 7*o**2/2 - 38*o. What is x(4)?
3
Let l(s) = -4*s**2 + 4*s. Let b(w) = -13*w**2 + 12*w. Let m = -24 + 31. Let u(t) = m*l(t) - 2*b(t). Give u(3).
-6
Let r(c) = -5*c - 9. Let j be (-1 - (-3)/(-4))/(1/4). Calculate r(j).
26
Let l(f) be the second derivative of -f**5/20 + f**4/12 - f**3/3 + f**2 - 4*f. Let k be 1/(-2) + 30/12. Suppose -6 = -k*t - t. What is l(t)?
-6
Let w be (3 - (-81)/6)*2. Let d(j) = -12*j + w*j - 16*j. What is d(4)?
20
Let n(m) = m**2 + 4*m. Let o be n(-4). Suppose u - 11 = -a, 3*u + 7 = -o*u + 5*a. Let g(z) = z - 3. What is g(u)?
3
Suppose 5*r - 18 = 2*r. Let v be ((-4)/r)/(4/(-18)). Let g(w) be the third derivative of -w**5/30 + w**4/8 + w**3/6 - w**2. Calculate g(v).
-8
Let b(g) = -g**2 - 4*g - 2. Let o = -22 - -24. Suppose i - x = 2, -o*x + 7*x = -i - 28. Give b(i).
1
Let w(n) = n + 2. Let i = 28 - 24. Suppose 0 = i*l - 9*l. Let u = l + 3. Give w(u).
5
Let a(v) = v**3 - 10*v**2 + 10*v - 7. Let m(c) = -4*c - 19. Let g be m(4). Let b = g + 44. Give a(b).
2
Let p(z) = -z + 23. Let g be (21/(-9))/(((-95)/30)/19). Calculate p(g).
9
Suppose 13*m - 6*m - 21 = 0. Suppose -5*y + s = 2*s - 3, 2*y + 3*s - 9 = 0. Let z(h) = 4 + y*h - h**3 + 0*h + 3*h**2 - h. Give z(m).
1
Let v(p) = -9*p - 4. Let j be v(-2). Suppose q - 16 + j = 0. Let h(x) = 2*x**2 - x. Give h(q).
6
Let k(d) = 8. Let b(t) = t + 9. Let g(s) = -6*b(s) + 7*k(s). Let c be (0 - (-3 - -2))/1. Let f be (14/10 - c)*5. Give g(f).
-10
Let q(z) = -5*z**2 + 3*z**2 - 2*z**3 - 59 + 60. Suppose i + p = -3, 5 = -8*p + 3*p. Calculate q(i).
9
Let k(z) = 42 - 94 + 50 + z**2 - 4*z. Suppose 0 = 2*q - r - 6, q + 3*r - 22 = -q. Determine k(q).
3
Let d(f) = -f**3 + 6*f**2 - 1. Suppose -2*n = -n + 4*b - 12, -39 = -n + 5*b. Let x be (-4)/n + 37/6. Determine d(x).
-1
Let f(n) = -9*n - 7*n + 21 + n - 3*n + n**2. Let j be f(17). Let t(s) = j*s - 23*s**2 - 24*s**2 + 48*s**2 - 2. What is t(-5)?
3
Let y(q) = 1 + 3*q**2 - 41880*q + 41884*q - 5*q**2. Calculate y(3).
-5
Let i(l) be the first derivative of l**4/4 - 4*l**3/3 - 5*l**2/2 + 3*l - 351. Determine i(5).
3
Let b(y) = y**3 - 2*y**2 - 9*y - 1. Let x be b(4). Let z be (1/3)/(3/18). Let v(r) = -4*r**2 + r**2 + 4*r**2 + z - 5*r**2 + 5*r - r**3. Give v(x).
2
Let d be 1*(4 - 2)/2. Suppose -89 = -5*m + 6. Let p(r) = -m*r**2 - 330 + 329 + 6*r**2 + 2*r. Give p(d).
-12
Let j(g) = -18*g + 1. Let q(l) = -34*l + 2. Let a(c) = -5*j(c) + 2*q(c). Determine a(1).
21
Let s(a) be the first derivative of -a**4/4 + 4*a**3 + a**2/2 - a + 252. Calculate s(12).
11
Let o = 817 + -820. Let n(y) = -y**3 - 4*y**2 + y - 1. Give n(o).
-13
Let v(l) = l**2 + 2*l - 3. Let h be (0 - -6)*25/30. Suppose -4*k - 2 = -h*k. Determine v(k).
5
Let x(q) = q - 3. Let l = -380 - -377. Determine x(l).
-6
Let l(t) be the second derivative of -t**6/360 - t**5/120 - t**4/24 - 9*t**3/2 + 5*t. Let i(c) be the second derivative of l(c). Give i(2).
-7
Let v(f) = f**3 - 18*f**2 + 56*f + 6. Let g be v(4). Let m(q) = -12*q + 12. Determine m(g).
-60
Let x(y) = -y + 12. Suppose 0 = -5*c - 4 + 9, 3*a + c = 16. Determine x(a).
7
Let q(d) = 55*d**3 - 28*d**2 + 7. Let l(p) = 18*p**3 - 8*p**2 + 2. Let s(r) = 14*l(r) - 4*q(r). Determine s(1).
32
Let l(x) = -x**2 - 28*x - 191. Let s be l(-12). Let v(g) be the first derivative of s + 1/2*g**2 + g. What is v(-6)?
-5
Suppose -2*x + 5 - 1 = 0. Let s(d) = 2*d**2 - 2*d + 6. Let k(z) = -1 + 3*z**2 - 4 - 7*z**2 + 3*z**2 + 2*z. Let u(n) = x*s(n) + 3*k(n). Calculate u(2).
5
Let p(r) = -r**3 - 3*r**2 - r - 3. Let t be p(-3). Let n(c) = -c**2 + c + 3. What is n(t)?
3
Let a(o) = 3*o - 4. Suppose -232*n = -216*n - 64. Calculate a(n).
8
Let g(h) = -h**3 - 5*h**2 - h + 4. Let